{"id":526,"date":"2010-04-22T13:33:40","date_gmt":"2010-04-22T12:33:40","guid":{"rendered":"http:\/\/www.vagus.cz\/wp-content\/prazecka02.jpg"},"modified":"2010-04-22T13:33:40","modified_gmt":"2010-04-22T12:33:40","slug":"prazecka02","status":"inherit","type":"attachment","link":"https:\/\/www.vagus.cz\/?attachment_id=526","title":{"rendered":"prazecka02"},"author":1,"featured_media":0,"comment_status":"open","ping_status":"open","template":"","meta":[],"class_list":["post-526","attachment","type-attachment","status-inherit","hentry"],"description":{"rendered":"<p class=\"attachment\"><a href='https:\/\/www.vagus.cz\/wp-content\/\/www\/sites\/7\/site17437\/public_html\/wp-content\/prazecka02.jpg'><img loading=\"lazy\" decoding=\"async\" width=\"225\" height=\"300\" src=\"https:\/\/www.vagus.cz\/wp-content\/\/www\/sites\/7\/site17437\/public_html\/wp-content\/prazecka02-225x300.jpg\" class=\"attachment-medium size-medium\" alt=\"\" srcset=\"https:\/\/www.vagus.cz\/wp-content\/\/www\/sites\/7\/site17437\/public_html\/wp-content\/prazecka02-225x300.jpg 225w, https:\/\/www.vagus.cz\/wp-content\/\/www\/sites\/7\/site17437\/public_html\/wp-content\/prazecka02.jpg 480w\" sizes=\"auto, 100vw\" \/><\/a><\/p>\n<p>Cesta mezi kalu\u017eemi ji zavede k po\u0161t\u011b, potom ke st\u00e1nku se zmrzlinou&#8230;<\/p>\n"},"caption":{"rendered":"<p>Cesta mezi kalu\u017eemi ji zavede k po\u0161t\u011b, potom ke st\u00e1nku se zmrzlinou&#8230;<\/p>\n"},"alt_text":"","media_type":"image","mime_type":"image\/jpeg","media_details":{"width":480,"height":640,"hwstring_small":"height='96' width='72'","file":"\/www\/sites\/7\/site17437\/public_html\/wp-content\/prazecka02.jpg","sizes":{"thumbnail":{"file":"prazecka02-150x150.jpg","width":150,"height":150,"source_url":"https:\/\/www.vagus.cz\/wp-content\/\/www\/sites\/7\/site17437\/public_html\/wp-content\/prazecka02-150x150.jpg"},"medium":{"file":"prazecka02-225x300.jpg","width":225,"height":300,"source_url":"https:\/\/www.vagus.cz\/wp-content\/\/www\/sites\/7\/site17437\/public_html\/wp-content\/prazecka02-225x300.jpg"},"full":{"file":"prazecka02.jpg","width":480,"height":640,"mime_type":"image\/jpeg","source_url":"https:\/\/www.vagus.cz\/wp-content\/\/www\/sites\/7\/site17437\/public_html\/wp-content\/prazecka02.jpg"}},"image_meta":{"aperture":3.1,"credit":"","camera":"uD600,S600","caption":"","created_timestamp":1271747530,"copyright":"","focal_length":5.8,"iso":64,"shutter_speed":0.003125,"title":""}},"post":524,"source_url":"https:\/\/www.vagus.cz\/wp-content\/\/www\/sites\/7\/site17437\/public_html\/wp-content\/prazecka02.jpg","_links":{"self":[{"href":"https:\/\/www.vagus.cz\/index.php?rest_route=\/wp\/v2\/media\/526","targetHints":{"allow":["GET"]}}],"collection":[{"href":"https:\/\/www.vagus.cz\/index.php?rest_route=\/wp\/v2\/media"}],"about":[{"href":"https:\/\/www.vagus.cz\/index.php?rest_route=\/wp\/v2\/types\/attachment"}],"author":[{"embeddable":true,"href":"https:\/\/www.vagus.cz\/index.php?rest_route=\/wp\/v2\/users\/1"}],"replies":[{"embeddable":true,"href":"https:\/\/www.vagus.cz\/index.php?rest_route=%2Fwp%2Fv2%2Fcomments&post=526"}]}}

<p class="attachment"><a href='https://www.vagus.cz/wp-content//www/sites/7/site17437/public_html/wp-content/prazecka02.jpg'><img loading="lazy" decoding="async" width="225" height="300" src="https://www.vagus.cz/wp-content//www/sites/7/site17437/public_html/wp-content/prazecka02-225x300.jpg" class="attachment-medium size-medium" alt="" srcset="https://www.vagus.cz/wp-content//www/sites/7/site17437/public_html/wp-content/prazecka02-225x300.jpg 225w, https://www.vagus.cz/wp-content//www/sites/7/site17437/public_html/wp-content/prazecka02.jpg 480w" sizes="auto, 100vw" /></a></p>
<p>Cesta mezi kalužemi ji zavede k poště, potom ke stánku se zmrzlinou&#8230;</p>

<p>Cesta mezi kalužemi ji zavede k poště, potom ke stánku se zmrzlinou&#8230;</p>
