{"id":528,"date":"2010-04-22T13:33:54","date_gmt":"2010-04-22T12:33:54","guid":{"rendered":"http:\/\/www.vagus.cz\/wp-content\/prazecka04.jpg"},"modified":"2010-04-22T13:33:54","modified_gmt":"2010-04-22T12:33:54","slug":"prazecka04","status":"inherit","type":"attachment","link":"https:\/\/www.vagus.cz\/?attachment_id=528","title":{"rendered":"prazecka04"},"author":1,"featured_media":0,"comment_status":"open","ping_status":"open","template":"","meta":[],"class_list":["post-528","attachment","type-attachment","status-inherit","hentry"],"description":{"rendered":"<p class=\"attachment\"><a href='https:\/\/www.vagus.cz\/wp-content\/\/www\/sites\/7\/site17437\/public_html\/wp-content\/prazecka04.jpg'><img loading=\"lazy\" decoding=\"async\" width=\"216\" height=\"300\" src=\"https:\/\/www.vagus.cz\/wp-content\/\/www\/sites\/7\/site17437\/public_html\/wp-content\/prazecka04-216x300.jpg\" class=\"attachment-medium size-medium\" alt=\"\" srcset=\"https:\/\/www.vagus.cz\/wp-content\/\/www\/sites\/7\/site17437\/public_html\/wp-content\/prazecka04-216x300.jpg 216w, https:\/\/www.vagus.cz\/wp-content\/\/www\/sites\/7\/site17437\/public_html\/wp-content\/prazecka04.jpg 461w\" sizes=\"auto, 100vw\" \/><\/a><\/p>\n<p>Pra\u017ea\u010dce se nel\u00edb\u00ed, kolik je na silnici aut. Nem\u00e1 je v\u016fbec r\u00e1da, proto\u017ee pou\u017e\u00edvaj\u00ed 80oktanov\u00fd benz\u00edn.<\/p>\n"},"caption":{"rendered":"<p>Pra\u017ea\u010dce se nel\u00edb\u00ed, kolik je na silnici aut. Nem\u00e1 je v\u016fbec r\u00e1da, proto\u017ee pou\u017e\u00edvaj\u00ed 80oktanov\u00fd benz\u00edn.<\/p>\n"},"alt_text":"","media_type":"image","mime_type":"image\/jpeg","media_details":{"width":461,"height":640,"hwstring_small":"height='96' width='69'","file":"\/www\/sites\/7\/site17437\/public_html\/wp-content\/prazecka04.jpg","sizes":{"thumbnail":{"file":"prazecka04-150x150.jpg","width":150,"height":150,"source_url":"https:\/\/www.vagus.cz\/wp-content\/\/www\/sites\/7\/site17437\/public_html\/wp-content\/prazecka04-150x150.jpg"},"medium":{"file":"prazecka04-216x300.jpg","width":216,"height":300,"source_url":"https:\/\/www.vagus.cz\/wp-content\/\/www\/sites\/7\/site17437\/public_html\/wp-content\/prazecka04-216x300.jpg"},"full":{"file":"prazecka04.jpg","width":461,"height":640,"mime_type":"image\/jpeg","source_url":"https:\/\/www.vagus.cz\/wp-content\/\/www\/sites\/7\/site17437\/public_html\/wp-content\/prazecka04.jpg"}},"image_meta":{"aperture":3.1,"credit":"","camera":"uD600,S600","caption":"","created_timestamp":1271748204,"copyright":"","focal_length":5.8,"iso":64,"shutter_speed":0.0125,"title":""}},"post":524,"source_url":"https:\/\/www.vagus.cz\/wp-content\/\/www\/sites\/7\/site17437\/public_html\/wp-content\/prazecka04.jpg","_links":{"self":[{"href":"https:\/\/www.vagus.cz\/index.php?rest_route=\/wp\/v2\/media\/528","targetHints":{"allow":["GET"]}}],"collection":[{"href":"https:\/\/www.vagus.cz\/index.php?rest_route=\/wp\/v2\/media"}],"about":[{"href":"https:\/\/www.vagus.cz\/index.php?rest_route=\/wp\/v2\/types\/attachment"}],"author":[{"embeddable":true,"href":"https:\/\/www.vagus.cz\/index.php?rest_route=\/wp\/v2\/users\/1"}],"replies":[{"embeddable":true,"href":"https:\/\/www.vagus.cz\/index.php?rest_route=%2Fwp%2Fv2%2Fcomments&post=528"}]}}

<p class="attachment"><a href='https://www.vagus.cz/wp-content//www/sites/7/site17437/public_html/wp-content/prazecka04.jpg'><img loading="lazy" decoding="async" width="216" height="300" src="https://www.vagus.cz/wp-content//www/sites/7/site17437/public_html/wp-content/prazecka04-216x300.jpg" class="attachment-medium size-medium" alt="" srcset="https://www.vagus.cz/wp-content//www/sites/7/site17437/public_html/wp-content/prazecka04-216x300.jpg 216w, https://www.vagus.cz/wp-content//www/sites/7/site17437/public_html/wp-content/prazecka04.jpg 461w" sizes="auto, 100vw" /></a></p>
<p>Pražačce se nelíbí, kolik je na silnici aut. Nemá je vůbec ráda, protože používají 80oktanový benzín.</p>

<p>Pražačce se nelíbí, kolik je na silnici aut. Nemá je vůbec ráda, protože používají 80oktanový benzín.</p>
