{"id":533,"date":"2010-04-22T13:35:51","date_gmt":"2010-04-22T12:35:51","guid":{"rendered":"http:\/\/www.vagus.cz\/wp-content\/prazecka09.jpg"},"modified":"2010-04-22T13:35:51","modified_gmt":"2010-04-22T12:35:51","slug":"prazecka09","status":"inherit","type":"attachment","link":"https:\/\/www.vagus.cz\/?attachment_id=533","title":{"rendered":"prazecka09"},"author":1,"featured_media":0,"comment_status":"open","ping_status":"open","template":"","meta":[],"class_list":["post-533","attachment","type-attachment","status-inherit","hentry"],"description":{"rendered":"<p class=\"attachment\"><a href='https:\/\/www.vagus.cz\/wp-content\/\/www\/sites\/7\/site17437\/public_html\/wp-content\/prazecka09.jpg'><img loading=\"lazy\" decoding=\"async\" width=\"225\" height=\"300\" src=\"https:\/\/www.vagus.cz\/wp-content\/\/www\/sites\/7\/site17437\/public_html\/wp-content\/prazecka09-225x300.jpg\" class=\"attachment-medium size-medium\" alt=\"\" srcset=\"https:\/\/www.vagus.cz\/wp-content\/\/www\/sites\/7\/site17437\/public_html\/wp-content\/prazecka09-225x300.jpg 225w, https:\/\/www.vagus.cz\/wp-content\/\/www\/sites\/7\/site17437\/public_html\/wp-content\/prazecka09.jpg 480w\" sizes=\"auto, 100vw\" \/><\/a><\/p>\n<p>V\u0161imli jste si, \u017ee na kolech tu auta m\u00edvaj\u00ed ty sam\u00e9 h\u0159eby, jak\u00e9 m\u00e1 Pra\u017ea\u010dka na bot\u00e1ch na b\u011bh\u00e1n\u00ed?<\/p>\n"},"caption":{"rendered":"<p>V\u0161imli jste si, \u017ee na kolech tu auta m\u00edvaj\u00ed ty sam\u00e9 h\u0159eby, jak\u00e9 m\u00e1 Pra\u017ea\u010dka na bot\u00e1ch na b\u011bh\u00e1n\u00ed?<\/p>\n"},"alt_text":"","media_type":"image","mime_type":"image\/jpeg","media_details":{"width":480,"height":640,"hwstring_small":"height='96' width='72'","file":"\/www\/sites\/7\/site17437\/public_html\/wp-content\/prazecka09.jpg","sizes":{"thumbnail":{"file":"prazecka09-150x150.jpg","width":150,"height":150,"source_url":"https:\/\/www.vagus.cz\/wp-content\/\/www\/sites\/7\/site17437\/public_html\/wp-content\/prazecka09-150x150.jpg"},"medium":{"file":"prazecka09-225x300.jpg","width":225,"height":300,"source_url":"https:\/\/www.vagus.cz\/wp-content\/\/www\/sites\/7\/site17437\/public_html\/wp-content\/prazecka09-225x300.jpg"},"full":{"file":"prazecka09.jpg","width":480,"height":640,"mime_type":"image\/jpeg","source_url":"https:\/\/www.vagus.cz\/wp-content\/\/www\/sites\/7\/site17437\/public_html\/wp-content\/prazecka09.jpg"}},"image_meta":{"aperture":8,"credit":"","camera":"uD600,S600","caption":"","created_timestamp":1271749960,"copyright":"","focal_length":5.8,"iso":80,"shutter_speed":0.03333333333333333,"title":""}},"post":524,"source_url":"https:\/\/www.vagus.cz\/wp-content\/\/www\/sites\/7\/site17437\/public_html\/wp-content\/prazecka09.jpg","_links":{"self":[{"href":"https:\/\/www.vagus.cz\/index.php?rest_route=\/wp\/v2\/media\/533","targetHints":{"allow":["GET"]}}],"collection":[{"href":"https:\/\/www.vagus.cz\/index.php?rest_route=\/wp\/v2\/media"}],"about":[{"href":"https:\/\/www.vagus.cz\/index.php?rest_route=\/wp\/v2\/types\/attachment"}],"author":[{"embeddable":true,"href":"https:\/\/www.vagus.cz\/index.php?rest_route=\/wp\/v2\/users\/1"}],"replies":[{"embeddable":true,"href":"https:\/\/www.vagus.cz\/index.php?rest_route=%2Fwp%2Fv2%2Fcomments&post=533"}]}}

<p class="attachment"><a href='https://www.vagus.cz/wp-content//www/sites/7/site17437/public_html/wp-content/prazecka09.jpg'><img loading="lazy" decoding="async" width="225" height="300" src="https://www.vagus.cz/wp-content//www/sites/7/site17437/public_html/wp-content/prazecka09-225x300.jpg" class="attachment-medium size-medium" alt="" srcset="https://www.vagus.cz/wp-content//www/sites/7/site17437/public_html/wp-content/prazecka09-225x300.jpg 225w, https://www.vagus.cz/wp-content//www/sites/7/site17437/public_html/wp-content/prazecka09.jpg 480w" sizes="auto, 100vw" /></a></p>
<p>Všimli jste si, že na kolech tu auta mívají ty samé hřeby, jaké má Pražačka na botách na běhání?</p>

<p>Všimli jste si, že na kolech tu auta mívají ty samé hřeby, jaké má Pražačka na botách na běhání?</p>
