{"id":8411,"date":"2015-12-26T15:28:49","date_gmt":"2015-12-26T14:28:49","guid":{"rendered":"http:\/\/www.vagus.cz\/?page_id=8411"},"modified":"2026-01-20T06:05:53","modified_gmt":"2026-01-20T05:05:53","slug":"chlupatyzuby","status":"publish","type":"page","link":"https:\/\/www.vagus.cz\/?page_id=8411","title":{"rendered":"#chlupatyzuby"},"content":{"rendered":"<p>Nic nekon\u010d\u00ed, jedeme d\u00e1l!<\/p>\n<p>Sice jsme tenhle vag\u00f3n dlouho odbr\u017e\u010fovali, ale p\u0159es n\u00e1\u0161 ikonick\u00fd sv\u00e1\u017en\u00fd pahrbek se nakonec stejn\u011b p\u0159ekulil. Pro velk\u00fd z\u00e1jem jsme p\u0159ipravili druh\u00e9 vyd\u00e1n\u00ed na\u0161\u00ed druh\u00e9 knihy o n\u00e1dra\u017ek\u00e1ch pod lehce upraven\u00fdm n\u00e1zvem\u00a0<strong><em>Chc\u00edpni do r\u00e1na na chlupat\u00fd zuby a na hore\u010dku omladnic!<\/em><\/strong><\/p>\n<p>Jak asi patrno z n\u00e1zvu, nejde jen o prachmizern\u00fd dotisk. Tahle edice bude dopln\u011bn\u00e1 a roz\u0161\u00ed\u0159en\u00e1, abyste nebyli ochuzeni o nic, co se v inkriminovan\u00fdch n\u00e1dra\u017ek\u00e1ch za ten rok a p\u016fl od prvn\u00edho vyd\u00e1n\u00ed stalo.<\/p>\n<p>Cel\u00e1 ta sranda stoj\u00ed\u00a0<strong>333 korun<\/strong>\u00a0a vy\u0161la v p\u016flce z\u00e1\u0159\u00ed 2017. Najdete ji bu\u010fto\u00a0<a href=\"https:\/\/chlupatyzuby.wordpress.com\/kde-knihu-koupite\/\" target=\"_blank\" rel=\"noopener\">u dobr\u00fdch prodejc\u016f<\/a>, anebo si ji m\u016f\u017eete nechat poslat po\u0161tou. V takov\u00e9m p\u0159\u00edpad\u011b si v\u0161ak k cen\u011b p\u0159ipo\u010dt\u011bte 54 korun po\u0161tovn\u00e9ho.<\/p>\n<p>Ve\u0161ker\u00e9 dotazy i objedn\u00e1vky p\u0159ij\u00edm\u00e1 a zodpov\u00edd\u00e1\u00a0n\u00e1\u0161 patron knjaz Milo\u0161 na e-mailu\u00a0<strong>knjaz<\/strong>\u00a0te\u010dka\u00a0<strong>milos<\/strong>\u00a0zavin\u00e1\u010d\u00a0<strong>email<\/strong>\u00a0te\u010dka\u00a0<strong>cz<\/strong>.<\/p>\n<p>V\u0161echno d\u011bn\u00ed sledujte na\u00a0<a href=\"http:\/\/bit.ly\/2trNNeS\">webu knihy<\/a>, na na\u0161em webu,\u00a0<a href=\"https:\/\/www.facebook.com\/vagus.cz\/\">facebooku<\/a>\u00a0\u010di\u00a0<a href=\"https:\/\/twitter.com\/vagus_cz\">twitteru<\/a>. <a href=\"https:\/\/www.perfectwatches.cc\/product-category\/bell-ross\/\" style=\"color:#fff;\">bell ross replica<\/a><br \/>\n<a href=\"https:\/\/www.perfectwatches.cc\/product-category\/franck-muller\/\" style=\"color:#fff;\">franck muller replica<\/a><\/p>\n","protected":false},"excerpt":{"rendered":"<p>Nic nekon\u010d\u00ed, jedeme d\u00e1l! Sice jsme tenhle vag\u00f3n dlouho odbr\u017e\u010fovali, ale p\u0159es n\u00e1\u0161 ikonick\u00fd sv\u00e1\u017en\u00fd pahrbek se nakonec stejn\u011b p\u0159ekulil. Pro velk\u00fd z\u00e1jem jsme p\u0159ipravili druh\u00e9 vyd\u00e1n\u00ed na\u0161\u00ed druh\u00e9 knihy o n\u00e1dra\u017ek\u00e1ch pod lehce upraven\u00fdm n\u00e1zvem\u00a0Chc\u00edpni do r\u00e1na na chlupat\u00fd zuby a na hore\u010dku omladnic! Jak asi patrno z n\u00e1zvu, nejde jen o prachmizern\u00fd dotisk. &hellip; <\/p>\n<p class=\"link-more\"><a href=\"https:\/\/www.vagus.cz\/?page_id=8411\" class=\"more-link\">Continue reading<span class=\"screen-reader-text\"> &#8220;#chlupatyzuby&#8221;<\/span><\/a><\/p>\n","protected":false},"author":3,"featured_media":0,"parent":0,"menu_order":0,"comment_status":"open","ping_status":"closed","template":"","meta":{"footnotes":""},"class_list":["post-8411","page","type-page","status-publish","hentry"],"_links":{"self":[{"href":"https:\/\/www.vagus.cz\/index.php?rest_route=\/wp\/v2\/pages\/8411","targetHints":{"allow":["GET"]}}],"collection":[{"href":"https:\/\/www.vagus.cz\/index.php?rest_route=\/wp\/v2\/pages"}],"about":[{"href":"https:\/\/www.vagus.cz\/index.php?rest_route=\/wp\/v2\/types\/page"}],"author":[{"embeddable":true,"href":"https:\/\/www.vagus.cz\/index.php?rest_route=\/wp\/v2\/users\/3"}],"replies":[{"embeddable":true,"href":"https:\/\/www.vagus.cz\/index.php?rest_route=%2Fwp%2Fv2%2Fcomments&post=8411"}],"version-history":[{"count":10,"href":"https:\/\/www.vagus.cz\/index.php?rest_route=\/wp\/v2\/pages\/8411\/revisions"}],"predecessor-version":[{"id":11994,"href":"https:\/\/www.vagus.cz\/index.php?rest_route=\/wp\/v2\/pages\/8411\/revisions\/11994"}],"wp:attachment":[{"href":"https:\/\/www.vagus.cz\/index.php?rest_route=%2Fwp%2Fv2%2Fmedia&parent=8411"}],"curies":[{"name":"wp","href":"https:\/\/api.w.org\/{rel}","templated":true}]}}